(-4). Let q(m) = -n*m - g*m**2 + m**2 + 3*m**2 + 3. Calculate q(3).
-3
Let n(a) = 3*a - 7. Let y = -3 - -10. Let j = y + -7. Let i = 5 + j. Determine n(i).
8
Suppose -3*q + 8 - 26 = 0. Let t(y) = -y**3 - 6*y**2 + 4. Determine t(q).
4
Suppose -2*p - 9 = 3*q, 2*q = 7*q - 3*p + 15. Let h(d) = 2*d + 4. What is h(q)?
-2
Let c(j) = -5 + 0*j**3 + 0 + j**3. Suppose -7 = -8*p - 7. Determine c(p).
-5
Suppose -j + 3 = 4*r, 18 = -4*j + 6*j + 5*r. Let n(h) = 4*h + h**3 + 0*h + 26 + j - 44 - 5*h**2. Calculate n(4).
1
Let m(v) = v + 2. Let y(d) = d**3 - 4*d**3 - 6 - d + 6*d**2 + 4*d**3. Let s be (-2)/(-7) + 44/(-7). Let l be y(s). Determine m(l).
2
Suppose 0*p + 5*p - 5 = 0. Let g = -2 + 16. Let c(v) = -7*v**3 + v**3 + g - 15. What is c(p)?
-7
Let r be (-10)/(-15)*-6 - 0. Let q(l) = l**2 + 8*l - 3. What is q(r)?
-19
Let v(u) = 3*u**2 + 2*u + 1. Let z be v(-1). Let f(n) = -3*n + z + 3*n**2 - 3 + 2*n**2 + 0 - n**3. Give f(4).
3
Let a(l) be the third derivative of -l**4/12 - 7*l**3/6 + 4*l**2. Give a(-5).
3
Let h(g) = -g - 1. Let q = -8 - -6. Let y = q + 4. Give h(y).
-3
Let t(k) = -5*k**2 + 5*k - 2. Let y(d) = d**2 - d. Let p(g) = -t(g) - 6*y(g). Give p(4).
-10
Let s(d) be the second derivative of 2*d + 0 - 1/3*d**3 + 2*d**2 - 1/12*d**4. What is s(-5)?
-11
Let h(v) = 6*v - 3 - 6*v - 2*v**2 + 2 + v. Determine h(1).
-2
Let i(x) = 2*x + 4 - 4*x + 4*x - 3*x. Give i(-5).
9
Suppose 4*y = -4*l + 32, 2*l - 3*y + 4 + 0 = 0. Let j(t) = -t**3 + 5*t**2 - 4*t - 2. Determine j(l).
-2
Let a(j) be the first derivative of 1 + 0*j - 1/3*j**3 + 1/2*j**2. Let g(u) = -u**2 - 6*u - 5. Let w be g(-4). Determine a(w).
-6
Let k(w) = w**3 - 4*w**2 + 2. Suppose 2*b - 10 = -4*n, 5*n + 2*b = 3*n + 4. Calculate k(n).
-7
Let x(v) be the second derivative of v**3/2 + v**2/2 - 2*v. Let n(u) = 2*u - 16. Let i be n(7). What is x(i)?
-5
Let g(b) be the second derivative of -1/6*b**4 + 1/2*b**3 - b - 1/2*b**2 + 0. Determine g(2).
-3
Let d(o) = o**2 + 3*o - 6. Let h(k) = -k**3 + 4*k**2 - 2*k + 3. Let i be h(3). Suppose i*r + 20 = 2*r. Determine d(r).
4
Let k(g) = -3 + 6*g**2 + g - 2*g - 7*g**2 + 4*g. Let j = -12 + 7. Let b = j + 9. Calculate k(b).
-7
Suppose 3*o + l - 6 - 8 = 0, -38 = -3*o + 5*l. Let i(d) = d + 6. Let y(h) = 5*h + 24. Let r(n) = -9*i(n) + 2*y(n). Determine r(o).
0
Let w(g) = -g**3 + 4*g**2 - 3*g + 1. Let y be w(2). Let q(a) = 9*a + a + 0*a + a**2 - y*a. What is q(-6)?
-6
Let f = -1 - 4. Let p = -7 - f. Let i(m) = m**2 - 2*m - 1. Determine i(p).
7
Let y(v) = 9*v**2 + 12*v + 5. Let x(c) = 5*c**2 + 6*c + 3. Let z(q) = -11*x(q) + 6*y(q). Calculate z(5).
2
Let g(y) be the third derivative of -y**5/60 - 7*y**4/24 - 5*y**3/6 + 2*y**2. Let d(k) = 4*k - 28. Let f be d(6). Determine g(f).
7
Let z be ((-35)/(-15) + -1)*3. Let p(w) = -w + 6. Let i be p(z). Let o(q) be the first derivative of 2*q**2 + 2*q + 1. Calculate o(i).
10
Let l(a) = -a**3 - 6*a**2 - 7*a - 4. Let i(o) = -o**3 + 2*o**2 + 4. Let j be i(3). Calculate l(j).
6
Let d = 12 + -17. Let z(t) be the third derivative of -t**5/60 - t**4/6 - t**3/6 - 5*t**2. Determine z(d).
-6
Let v = -7 - -10. Let u(f) = -f**2 + 4*f - 2. Determine u(v).
1
Let t(a) = -a**3 + 2*a**2 + 3. Let v be 4*5*(-2)/(-8). Suppose 4*s + v*l = 7, -s - 2*s - 5*l + 4 = 0. Determine t(s).
-6
Let o(f) be the second derivative of f**5/20 - f**3/6 + 7*f**2/2 - 4*f. Let y = -1 + 1. Calculate o(y).
7
Let a(g) = 2*g**2 - 2*g - 1. Suppose p + 3*p = 12. Let z(d) = -3*d**2 + d + 2. Let y(v) = p*z(v) + 4*a(v). Give y(-5).
2
Let x(t) = -t + 14. Let f(v) = -v + 13. Let o(w) = -7*f(w) + 6*x(w). Let q = 85 - 79. Calculate o(q).
-1
Let h = 1 + 3. Suppose h*y = -4*u + 16, 2*u - 2*y + 4 = -0*u. Let x(m) be the first derivative of -2*m**3 + m**2/2 - m + 2. Determine x(u).
-6
Let n(b) = -b + 2. Let k be 2/9 - 32/(-18). Suppose -2*y + k*f - 12 = 0, 22 = 4*f + 10. Calculate n(y).
5
Let q(z) = 2*z - 1. Let y(c) = 4*c**2 + c - 1. Let p be y(1). Let b be (-6)/(-8)*-1*p. Let m be -1*b*2/(-6). Give q(m).
-3
Let l = -10 + 6. Let j = 8 + l. Let w be (2 + 6)*(-2)/j. Let q(t) = -t**3 - 3*t**2 + 3*t + 1. Determine q(w).
5
Let i(o) = o**3 - 3*o**2 + 3*o. Let w be (-8)/(-52) + (-55)/(-65). Let v be -2*(w - (3 + -1)). Calculate i(v).
2
Let p(l) be the third derivative of l**6/120 - l**5/20 - l**4/8 - 5*l**3/6 - 2*l**2. Determine p(4).
-1
Let b = -31 - 26. Let v be b/(-12) - (-4)/16. Let u(k) = -v*k - 5 + 4*k + 1. Calculate u(-6).
2
Suppose 2*z = 15*z - 13. Let m(n) = -18*n**2 + 2*n - 1. Determine m(z).
-17
Let w be (8/4 + -1)*0 + -2. Let j(p) = -5*p + 2. Determine j(w).
12
Suppose 12 - 4 = 2*k. Let g(u) be the third derivative of u**5/60 - u**4/4 + u**3/3 - 19*u**2. Determine g(k).
-6
Let p(n) = 0*n + 3*n - 2*n + 0 - 4. Let w(a) = -17*a + 29. Let i(c) = -6*c + 10. Let r(q) = 11*i(q) - 4*w(q). Let j(h) = -7*p(h) + 5*r(h). Determine j(2).
4
Let f(v) = v + 7. Let p be f(-8). Let d(u) be the first derivative of u**4/4 - u**2/2 + 2*u - 2. Let n(s) be the first derivative of d(s). What is n(p)?
2
Let p(k) = -5*k**2 + 9*k + 11. Let j(s) = 9*s**2 - 18*s - 21. Let t(m) = -6*j(m) - 11*p(m). Suppose 2*l + 2*i = -4, l + 12*i + 26 = 17*i. What is t(l)?
-13
Let i(p) = -p - 6. Let k be i(-3). Let v(q) = -q + 3. Let c(z) = 3*z - 6. Let g(d) = 3*c(d) + 7*v(d). Calculate g(k).
-3
Let m(f) = -f**2 - 10*f - 3. Suppose a + 14 = -a. Let z be m(a). Let v be (6/z)/((-2)/18). Let l(x) = x**3 + 4*x**2 + 3*x - 2. Determine l(v).
-2
Let a(r) = -r**2 - 4*r - 3. Let n be ((-3)/2)/(-1 - 7/(-4)). Calculate a(n).
1
Let r(y) = -y**2 - 8*y + 9. Let k be (-13)/((-65)/100)*(-4)/10. Determine r(k).
9
Let f(y) = -y**3 - 3*y**2 + 4*y + 1. Let m(r) = -3*r**3 + 4*r**3 + 0*r**3 - 7*r**2 + 7*r - 3*r**3 + 3. Let d(v) = 5*f(v) - 3*m(v). Give d(-6).
2
Let q(h) = -h**2 + h + 2. Let m = -47 + 44. Give q(m).
-10
Let v(m) = m**3 + 2*m**2 - 4*m - 4. Let z(y) = 3*y**2 + y - 2. Let g be z(-2). Let j = g + -4. Suppose -j + 1 = u. Calculate v(u).
-1
Let b(f) = -6*f**2 - f - 1. Let j(d) = d + 7. Let x(y) = -y**2 - 5*y - 1. Let h be x(-2). Suppose m = h - 13. Let c be j(m). Calculate b(c).
-6
Let b(d) = 4*d**2 - 4*d - 5. Let j(v) = -v**2. Let q(r) = b(r) + 5*j(r). Suppose -4*c + 4*p - p = 28, -c - 3*p + 8 = 0. Calculate q(c).
-5
Let b(t) = 3*t**2 + 2*t + 1. Let u = 6 - 5. Let f(d) = -d + d**2 - 4*d + 2 + u. Let c be f(4). What is b(c)?
2
Let i(z) = -4*z. Let p = 5 + 1. Let y(l) = -3*l + 1. Let u(h) = p*y(h) - 5*i(h). Let f be (45/(-36))/((-1)/(-4)). Calculate u(f).
-4
Let b be (-30)/(-4)*(-4)/(-6). Suppose 0 = 5*n - 4*f + 16, b*f = -0*f + 20. Let i(j) = -j - 3 + 2*j + 6. What is i(n)?
3
Let a(b) = b**2 - 3*b + 2. Let s(h) be the first derivative of h**3/3 - h**2 - h + 1. Let k be s(3). Let t be a(k). Let m(q) = q**2 + 2. What is m(t)?
2
Let m(p) = 6*p - 9. Let f(g) be the first derivative of -g**2/2 + 2*g + 5. Let c = -3 + 5. Let y(q) = c*m(q) + 11*f(q). Calculate y(-4).
0
Let g(l) = -3*l - 1. Let n(d) = -2*d**2 + 19*d + 11. Let c(q) = -q**2 + 10*q + 6. Let o(a) = 7*c(a) - 4*n(a). Let z be o(6). Determine g(z).
5
Let b(x) = x**2 - 5*x - 1. Let z be 3 - 1 - (-7 + 3). Determine b(z).
5
Let f(i) = 4*i - 3. Let z be (-138)/7 + (-8)/28. Let n = z + 24. Give f(n).
13
Let v be ((-1)/(-3))/(2/18). Suppose -x = 2*x + 12, 62 = 2*f - v*x. Suppose p = -4*p - f. Let k(o) = -o**3 - 5*o**2 + 2*o + 4. Determine k(p).
-6
Let p(y) be the third derivative of -y**6/360 - y**5/120 + y**4/6 - 7*y**3/6 + 4*y**2. Let z(l) be the first derivative of p(l). What is z(-3)?
-2
Let y = 0 + 0. Let j(w) be the third derivative of -w**5/60 + 2*w**3/3 + 7*w**2. Give j(y).
4
Let m(f) = -f**2 + 1 - 7 + 3 - 4*f. Let y be m(-4). Let v(k) = k**3 + k**2 - 4*k + 1. What is v(y)?
-5
Suppose 5*r - r = 32. Suppose -2*m - r = -4*d, -m - 3*d + 6 = -4*m. Let h(l) = -l**2 - 1. Determine h(m).
-1
Let y(r) = -r**3 - 2*r**2 + 3*r - 2. Let g be 42/(-12) + 4 - 6/(-4). Determine y(g).
-12
Let r(t) = t**2 + t - 2. Suppose 0 = 2*l - 7 - 1. Let y be (16/10)/(l/10). Suppose o + y = -o. What is r(o)?
0
Let a(l) = 8*l**2 - l. Let s = 3 + 2. Suppose -2*v + 3 = s. Let x = v + 2. Calculate a(x).
7
Let r = 8 - 3. Let t(d) be the third derivative of 5*d**4/24 - d**3/2 + 3*d**2. Let o(z) = -5*z + 2. Let k(h) = r*t(h) + 6*o(h). Calculate k(-2).
7
Suppose -15 = -5*a - 5*g, -3*g = 4*a - 7*a - 9. Let c = 0 + 1. Let j(m) =